{"id":9949,"date":"2022-06-14T23:41:58","date_gmt":"2022-06-14T21:41:58","guid":{"rendered":"https:\/\/ligna-systems.com\/systemloesungen\/lichtbaender\/"},"modified":"2023-12-14T11:36:35","modified_gmt":"2023-12-14T10:36:35","slug":"voutes-translucides","status":"publish","type":"systems","link":"https:\/\/ligna-systems.com\/fr\/solution-modulaire\/voutes-translucides\/","title":{"rendered":"Vo\u00fbtes translucides pour murs et toits\u00a0"},"content":{"rendered":"<div id=\"\" class=\"section section-row  margin-large\">\n\t<div class=\"wrapper-small\">\n\t\t<div class=\"grid-row spaced-medium default grid-align-top\">\n\t\t\n<div class=\"text-dark col-6\">\n\t<div class=\"sticky-column\">\t    \n<p>Afin que votre b\u00e2timent b\u00e9n\u00e9ficie d&rsquo;une luminosit\u00e9 naturelle suffisante, nous avons \u00e9galement pens\u00e9 aux vo\u00fbtes translucides dans notre m\u00e9thode construction modulaire.\u00a0<\/p>\n\n<p>Nos syst\u00e8mes se composent de plaques en polycarbonate et d&rsquo;un syst\u00e8me de rails en aluminium facile \u00e0 monter. Les vo\u00fbtes translucides muraux proviennent de notre propre site de production. Les vo\u00fbtes translucides de toit sont livr\u00e9es et mont\u00e9es par notre partenaire.<\/p>\n\n<p>Il est \u00e9galement possible de pr\u00e9voir des syst\u00e8mes d&rsquo;\u00e9vacuation de la fum\u00e9e (RWA) et de la chaleur ainsi que des volets d\u2019a\u00e9rations. \u00a0<\/p>\n\n<h6 class=\"wp-block-heading\"><strong>Avantages de nos vo\u00fbtes translucides :\u00a0<\/strong><\/h6>\n\n<ul class=\"wp-block-list\"><li>Montage facile gr\u00e2ce au syst\u00e8me de rails en aluminium.<\/li>\n\n<li>Possibilit\u00e9 d&rsquo;installer des syst\u00e8mes d&rsquo;\u00e9vacuation de la fum\u00e9e et de la chaleur ainsi que des volets d\u2019a\u00e9ration<\/li><\/ul>\n\t<\/div>\t\n\t\n<\/div>\n\n<div class=\"text-dark col-6\">\n\t\t    \n<section class=\" section-gallery\">\n\n    \n                <div class=\"gallery-grid grid-row spaced-small col2-smartphone\">\n                  <div class=\"col-12 has-bg\">\n                        <div class=\"item-inner\">\n              <div class=\"gallery-item\">\n                <div class=\"media media-ratio-8-5\">\n                  <div class=\"media-item \">\n                    <img loading=\"lazy\" decoding=\"async\" width=\"512\" height=\"341\" src=\"https:\/\/ligna-systems.com\/wp-content\/uploads\/2022\/07\/Lichtfirst-ID-53583-512x341.jpg\" class=\"attachment-thumb_small size-thumb_small\" alt=\"Lichtfirst Holzstruktur\" srcset=\"https:\/\/ligna-systems.com\/wp-content\/uploads\/2022\/07\/Lichtfirst-ID-53583-512x341.jpg 512w, https:\/\/ligna-systems.com\/wp-content\/uploads\/2022\/07\/Lichtfirst-ID-53583-600x400.jpg 600w, https:\/\/ligna-systems.com\/wp-content\/uploads\/2022\/07\/Lichtfirst-ID-53583-800x533.jpg 800w, https:\/\/ligna-systems.com\/wp-content\/uploads\/2022\/07\/Lichtfirst-ID-53583-300x200.jpg 300w, https:\/\/ligna-systems.com\/wp-content\/uploads\/2022\/07\/Lichtfirst-ID-53583-1024x683.jpg 1024w, https:\/\/ligna-systems.com\/wp-content\/uploads\/2022\/07\/Lichtfirst-ID-53583-768x512.jpg 768w, https:\/\/ligna-systems.com\/wp-content\/uploads\/2022\/07\/Lichtfirst-ID-53583-1536x1024.jpg 1536w, https:\/\/ligna-systems.com\/wp-content\/uploads\/2022\/07\/Lichtfirst-ID-53583-352x235.jpg 352w, https:\/\/ligna-systems.com\/wp-content\/uploads\/2022\/07\/Lichtfirst-ID-53583.jpg 1620w\" sizes=\"auto, (max-width: 512px) 100vw, 512px\" \/>                  <\/div>\n                                      <div class=\"slanting-side slanting-del\"><\/div>\n                                  <\/div>\n                              <\/div>\n            <\/div>\n          <\/div>\n                  <div class=\"col-12 has-bg\">\n                        <div class=\"item-inner\">\n              <div class=\"gallery-item\">\n                <div class=\"media media-ratio-8-5\">\n                  <div class=\"media-item \">\n                    <img loading=\"lazy\" decoding=\"async\" width=\"512\" height=\"545\" src=\"https:\/\/ligna-systems.com\/wp-content\/uploads\/2022\/07\/Lagerhalle-innen-ID-42453-512x545.png\" class=\"attachment-thumb_small size-thumb_small\" alt=\"Lagerhalle aus Holz\" srcset=\"https:\/\/ligna-systems.com\/wp-content\/uploads\/2022\/07\/Lagerhalle-innen-ID-42453-512x545.png 512w, https:\/\/ligna-systems.com\/wp-content\/uploads\/2022\/07\/Lagerhalle-innen-ID-42453-600x639.png 600w, https:\/\/ligna-systems.com\/wp-content\/uploads\/2022\/07\/Lagerhalle-innen-ID-42453-800x852.png 800w, https:\/\/ligna-systems.com\/wp-content\/uploads\/2022\/07\/Lagerhalle-innen-ID-42453-282x300.png 282w, https:\/\/ligna-systems.com\/wp-content\/uploads\/2022\/07\/Lagerhalle-innen-ID-42453-962x1024.png 962w, https:\/\/ligna-systems.com\/wp-content\/uploads\/2022\/07\/Lagerhalle-innen-ID-42453-768x818.png 768w, https:\/\/ligna-systems.com\/wp-content\/uploads\/2022\/07\/Lagerhalle-innen-ID-42453-1024x1091.png 1024w, https:\/\/ligna-systems.com\/wp-content\/uploads\/2022\/07\/Lagerhalle-innen-ID-42453-352x375.png 352w, https:\/\/ligna-systems.com\/wp-content\/uploads\/2022\/07\/Lagerhalle-innen-ID-42453.png 1400w\" sizes=\"auto, (max-width: 512px) 100vw, 512px\" \/>                  <\/div>\n                                      <div class=\"slanting-side slanting-del\"><\/div>\n                                  <\/div>\n                              <\/div>\n            <\/div>\n          <\/div>\n                  <div class=\"col-12 has-bg\">\n                        <div class=\"item-inner\">\n              <div class=\"gallery-item\">\n                <div class=\"media media-ratio-8-5\">\n                  <div class=\"media-item \">\n                    <img loading=\"lazy\" decoding=\"async\" width=\"512\" height=\"512\" src=\"https:\/\/ligna-systems.com\/wp-content\/uploads\/2022\/07\/Satteldach-aus-Holz-ID-42643-512x512.png\" class=\"attachment-thumb_small size-thumb_small\" alt=\"Gewerbehalle\" srcset=\"https:\/\/ligna-systems.com\/wp-content\/uploads\/2022\/07\/Satteldach-aus-Holz-ID-42643-512x512.png 512w, https:\/\/ligna-systems.com\/wp-content\/uploads\/2022\/07\/Satteldach-aus-Holz-ID-42643-600x600.png 600w, https:\/\/ligna-systems.com\/wp-content\/uploads\/2022\/07\/Satteldach-aus-Holz-ID-42643-100x100.png 100w, https:\/\/ligna-systems.com\/wp-content\/uploads\/2022\/07\/Satteldach-aus-Holz-ID-42643-800x801.png 800w, https:\/\/ligna-systems.com\/wp-content\/uploads\/2022\/07\/Satteldach-aus-Holz-ID-42643-300x300.png 300w, https:\/\/ligna-systems.com\/wp-content\/uploads\/2022\/07\/Satteldach-aus-Holz-ID-42643-1024x1025.png 1024w, https:\/\/ligna-systems.com\/wp-content\/uploads\/2022\/07\/Satteldach-aus-Holz-ID-42643-150x150.png 150w, https:\/\/ligna-systems.com\/wp-content\/uploads\/2022\/07\/Satteldach-aus-Holz-ID-42643-768x769.png 768w, https:\/\/ligna-systems.com\/wp-content\/uploads\/2022\/07\/Satteldach-aus-Holz-ID-42643-352x352.png 352w, https:\/\/ligna-systems.com\/wp-content\/uploads\/2022\/07\/Satteldach-aus-Holz-ID-42643.png 1400w\" sizes=\"auto, (max-width: 512px) 100vw, 512px\" \/>                  <\/div>\n                                      <div class=\"slanting-side slanting-del\"><\/div>\n                                  <\/div>\n                              <\/div>\n            <\/div>\n          <\/div>\n        \n      <\/div>\n\n            \n<\/section>\n\t\t\n\t\n<\/div>\n\t\t<\/div>\n\t<\/div>\n\n\t\n\t\n\t<!--<div class=\"slanting-side slanting-del\"><\/div>-->\n<\/div>","protected":false},"featured_media":6598,"parent":0,"template":"","class_list":["post-9949","systems","type-systems","status-publish","has-post-thumbnail","hentry"],"acf":[],"_links":{"self":[{"href":"https:\/\/ligna-systems.com\/fr\/wp-json\/wp\/v2\/systems\/9949","targetHints":{"allow":["GET"]}}],"collection":[{"href":"https:\/\/ligna-systems.com\/fr\/wp-json\/wp\/v2\/systems"}],"about":[{"href":"https:\/\/ligna-systems.com\/fr\/wp-json\/wp\/v2\/types\/systems"}],"wp:featuredmedia":[{"embeddable":true,"href":"https:\/\/ligna-systems.com\/fr\/wp-json\/wp\/v2\/media\/6598"}],"wp:attachment":[{"href":"https:\/\/ligna-systems.com\/fr\/wp-json\/wp\/v2\/media?parent=9949"}],"curies":[{"name":"wp","href":"https:\/\/api.w.org\/{rel}","templated":true}]}}

Voûtes translucides pour murs et toits

<div id="" class="section section-row  margin-large">
	<div class="wrapper-small">
		<div class="grid-row spaced-medium default grid-align-top">
		
<div class="text-dark col-6">
	<div class="sticky-column">	    
<p>Afin que votre bâtiment bénéficie d&rsquo;une luminosité naturelle suffisante, nous avons également pensé aux voûtes translucides dans notre méthode construction modulaire. </p>

<p>Nos systèmes se composent de plaques en polycarbonate et d&rsquo;un système de rails en aluminium facile à monter. Les voûtes translucides muraux proviennent de notre propre site de production. Les voûtes translucides de toit sont livrées et montées par notre partenaire.</p>

<p>Il est également possible de prévoir des systèmes d&rsquo;évacuation de la fumée (RWA) et de la chaleur ainsi que des volets d’aérations.  </p>

<h6 class="wp-block-heading"><strong>Avantages de nos voûtes translucides : </strong></h6>

<ul class="wp-block-list"><li>Montage facile grâce au système de rails en aluminium.</li>

<li>Possibilité d&rsquo;installer des systèmes d&rsquo;évacuation de la fumée et de la chaleur ainsi que des volets d’aération</li></ul>
	</div>	
	
</div>

<div class="text-dark col-6">
		    
<section class=" section-gallery">

    
                <div class="gallery-grid grid-row spaced-small col2-smartphone">
                  <div class="col-12 has-bg">
                        <div class="item-inner">
              <div class="gallery-item">
                <div class="media media-ratio-8-5">
                  <div class="media-item ">
                    <img loading="lazy" decoding="async" width="512" height="341" src="https://ligna-systems.com/wp-content/uploads/2022/07/Lichtfirst-ID-53583-512x341.jpg" class="attachment-thumb_small size-thumb_small" alt="Lichtfirst Holzstruktur" srcset="https://ligna-systems.com/wp-content/uploads/2022/07/Lichtfirst-ID-53583-512x341.jpg 512w, https://ligna-systems.com/wp-content/uploads/2022/07/Lichtfirst-ID-53583-600x400.jpg 600w, https://ligna-systems.com/wp-content/uploads/2022/07/Lichtfirst-ID-53583-800x533.jpg 800w, https://ligna-systems.com/wp-content/uploads/2022/07/Lichtfirst-ID-53583-300x200.jpg 300w, https://ligna-systems.com/wp-content/uploads/2022/07/Lichtfirst-ID-53583-1024x683.jpg 1024w, https://ligna-systems.com/wp-content/uploads/2022/07/Lichtfirst-ID-53583-768x512.jpg 768w, https://ligna-systems.com/wp-content/uploads/2022/07/Lichtfirst-ID-53583-1536x1024.jpg 1536w, https://ligna-systems.com/wp-content/uploads/2022/07/Lichtfirst-ID-53583-352x235.jpg 352w, https://ligna-systems.com/wp-content/uploads/2022/07/Lichtfirst-ID-53583.jpg 1620w" sizes="auto, (max-width: 512px) 100vw, 512px" />                  </div>
                                      <div class="slanting-side slanting-del"></div>
                                  </div>
                              </div>
            </div>
          </div>
                  <div class="col-12 has-bg">
                        <div class="item-inner">
              <div class="gallery-item">
                <div class="media media-ratio-8-5">
                  <div class="media-item ">
                    <img loading="lazy" decoding="async" width="512" height="545" src="https://ligna-systems.com/wp-content/uploads/2022/07/Lagerhalle-innen-ID-42453-512x545.png" class="attachment-thumb_small size-thumb_small" alt="Lagerhalle aus Holz" srcset="https://ligna-systems.com/wp-content/uploads/2022/07/Lagerhalle-innen-ID-42453-512x545.png 512w, https://ligna-systems.com/wp-content/uploads/2022/07/Lagerhalle-innen-ID-42453-600x639.png 600w, https://ligna-systems.com/wp-content/uploads/2022/07/Lagerhalle-innen-ID-42453-800x852.png 800w, https://ligna-systems.com/wp-content/uploads/2022/07/Lagerhalle-innen-ID-42453-282x300.png 282w, https://ligna-systems.com/wp-content/uploads/2022/07/Lagerhalle-innen-ID-42453-962x1024.png 962w, https://ligna-systems.com/wp-content/uploads/2022/07/Lagerhalle-innen-ID-42453-768x818.png 768w, https://ligna-systems.com/wp-content/uploads/2022/07/Lagerhalle-innen-ID-42453-1024x1091.png 1024w, https://ligna-systems.com/wp-content/uploads/2022/07/Lagerhalle-innen-ID-42453-352x375.png 352w, https://ligna-systems.com/wp-content/uploads/2022/07/Lagerhalle-innen-ID-42453.png 1400w" sizes="auto, (max-width: 512px) 100vw, 512px" />                  </div>
                                      <div class="slanting-side slanting-del"></div>
                                  </div>
                              </div>
            </div>
          </div>
                  <div class="col-12 has-bg">
                        <div class="item-inner">
              <div class="gallery-item">
                <div class="media media-ratio-8-5">
                  <div class="media-item ">
                    <img loading="lazy" decoding="async" width="512" height="512" src="https://ligna-systems.com/wp-content/uploads/2022/07/Satteldach-aus-Holz-ID-42643-512x512.png" class="attachment-thumb_small size-thumb_small" alt="Gewerbehalle" srcset="https://ligna-systems.com/wp-content/uploads/2022/07/Satteldach-aus-Holz-ID-42643-512x512.png 512w, https://ligna-systems.com/wp-content/uploads/2022/07/Satteldach-aus-Holz-ID-42643-600x600.png 600w, https://ligna-systems.com/wp-content/uploads/2022/07/Satteldach-aus-Holz-ID-42643-100x100.png 100w, https://ligna-systems.com/wp-content/uploads/2022/07/Satteldach-aus-Holz-ID-42643-800x801.png 800w, https://ligna-systems.com/wp-content/uploads/2022/07/Satteldach-aus-Holz-ID-42643-300x300.png 300w, https://ligna-systems.com/wp-content/uploads/2022/07/Satteldach-aus-Holz-ID-42643-1024x1025.png 1024w, https://ligna-systems.com/wp-content/uploads/2022/07/Satteldach-aus-Holz-ID-42643-150x150.png 150w, https://ligna-systems.com/wp-content/uploads/2022/07/Satteldach-aus-Holz-ID-42643-768x769.png 768w, https://ligna-systems.com/wp-content/uploads/2022/07/Satteldach-aus-Holz-ID-42643-352x352.png 352w, https://ligna-systems.com/wp-content/uploads/2022/07/Satteldach-aus-Holz-ID-42643.png 1400w" sizes="auto, (max-width: 512px) 100vw, 512px" />                  </div>
                                      <div class="slanting-side slanting-del"></div>
                                  </div>
                              </div>
            </div>
          </div>
        
      </div>

            
</section>
		
	
</div>
		</div>
	</div>

	
	
	<!--<div class="slanting-side slanting-del"></div>-->
</div>
